nds digit of 3359?
3
What is the thousands digit of 7710?
7
What is the thousands digit of 22127?
2
What is the units digit of 24954?
4
What is the tens digit of 9805?
0
What is the units digit of 1525?
5
What is the tens digit of 65915?
1
What is the tens digit of 8041?
4
What is the units digit of 98968?
8
What is the hundreds digit of 1563?
5
What is the thousands digit of 11528?
1
What is the tens digit of 2365?
6
What is the units digit of 941?
1
What is the ten thousands digit of 83472?
8
What is the tens digit of 1728?
2
What is the thousands digit of 2617?
2
What is the units digit of 2410?
0
What is the thousands digit of 1294?
1
What is the hundreds digit of 1560?
5
What is the thousands digit of 3444?
3
What is the tens digit of 6588?
8
What is the ten thousands digit of 88356?
8
What is the thousands digit of 3522?
3
What is the hundreds digit of 1253?
2
What is the tens digit of 2830?
3
What is the thousands digit of 44001?
4
What is the hundreds digit of 160?
1
What is the tens digit of 712?
1
What is the thousands digit of 1485?
1
What is the units digit of 7631?
1
What is the hundreds digit of 1264?
2
What is the hundreds digit of 90076?
0
What is the ten thousands digit of 25876?
2
What is the units digit of 13308?
8
What is the units digit of 2483?
3
What is the thousands digit of 3304?
3
What is the hundreds digit of 7122?
1
What is the ten thousands digit of 51106?
5
What is the hundreds digit of 632?
6
What is the thousands digit of 52178?
2
What is the units digit of 1877?
7
What is the tens digit of 55947?
4
What is the hundreds digit of 27598?
5
What is the units digit of 362?
2
What is the hundreds digit of 4900?
9
What is the thousands digit of 1749?
1
What is the ten thousands digit of 34091?
3
What is the tens digit of 1872?
7
What is the tens digit of 2120?
2
What is the tens digit of 4241?
4
What is the tens digit of 21998?
9
What is the hundreds digit of 81084?
0
What is the units digit of 16809?
9
What is the units digit of 474?
4
What is the ten thousands digit of 86834?
8
What is the hundreds digit of 1381?
3
What is the tens digit of 5892?
9
What is the tens digit of 3878?
7
What is the hundreds digit of 441?
4
What is the thousands digit of 2784?
2
What is the tens digit of 132?
3
What is the tens digit of 1862?
6
What is the ten thousands digit of 22098?
2
What is the units digit of 4129?
9
What is the ten thousands digit of 50278?
5
What is the units digit of 10266?
6
What is the units digit of 338?
8
What is the thousands digit of 162823?
2
What is the thousands digit of 3996?
3
What is the thousands digit of 18875?
8
What is the tens digit of 15690?
9
What is the hundreds digit of 20091?
0
What is the ten thousands digit of 30602?
3
What is the tens digit of 161797?
9
What is the units digit of 2466?
6
What is the units digit of 4237?
7
What is the tens digit of 2276?
7
What is the units digit of 952?
2
What is the hundreds digit of 1420?
4
What is the tens digit of 1540?
4
What is the units digit of 299?
9
What is the hundreds digit of 16840?
8
What is the units digit of 2384?
4
What is the tens digit of 182?
8
What is the units digit of 155?
5
What is the ten thousands digit of 46431?
4
What is the tens digit of 12016?
1
What is the units digit of 50889?
9
What is the units digit of 70545?
5
What is the hundreds digit of 2874?
8
What is the tens digit of 14586?
8
What is the thousands digit of 9446?
9
What is the tens digit of 1323?
2
What is the hundreds digit of 905?
9
What is the hundreds digit of 1801?
8
What is the thousands digit of 3261?
3
What is the tens digit of 11752?
5
What is the ten thousands digit of 30286?
3
What is the units digit of 538?
8
What is the tens digit of 1814?
1
What is the units digit of 1021?
1
What is the units digit of 710?
0
What is the thousands digit of 1940?
1
What is the units digit of 947?
7
What is the hundreds digit of 792?
7
What is the hundreds digit of 5905?
9
What is the thousands digit of 10692?
0
What is the tens digit of 6046?
4
What is the ten thousands digit of 28146?
2
What is the hundreds digit of 21854?
8
What is the thousands digit of 89225?
9
What is the ten thousands digit of 25007?
2
What is the units digit of 9641?
1
What is the units digit of 79630?
0
What is the hundreds digit of 28918?
9
What is the thousands digit of 1340?
1
What is the thousands digit of 79018?
9
What is the units digit of 782?
2
What is the thousands digit of 5755?
5
What is the tens digit of 10285?
8
What is the hundreds digit of 5407?
4
What is the tens digit of 1606?
0
What is the hundreds digit of 368?
3
What is the thousands digit of 1206?
1
What is the hundreds digit of 165811?
8
What is the tens digit of 12865?
6
What is the units digit of 1519?
9
What is the ten thousands digit of 95300?
9
What is the ten thousands digit of 21698?
2
What is the thousands digit of 13651?
3
What is the units digit of 1042?
2
What is the thousands digit of 8449?
8
What is the hundreds digit of 15686?
6
What is the tens digit of 1324?
2
What is the tens digit of 3426?
2
What is the units digit of 432?
2
What is the tens digit of 149096?
9
What is the thousands digit of 5110?
5
What is the units digit of 331?
1
What is the thousands digit of 132853?
2
What is the thousands digit of 2710?
2
What is the ten thousands digit of 22552?
2
What is the hundreds digit of 41111?
1
What is the ten thousands digit of 14953?
1
What is the hundreds digit of 878?
8
What is the units digit of 2673?
3
What is the thousands digit of 1750?
1
What is the tens digit of 271?
7
What is the units digit of 228?
8
What is the thousands digit of 2405?
2
What is the units digit of 1565?
5
What is the thousands digit of 76153?
6
What is the tens digit of 957?
5
What is the tens digit of 9667?
6
What is the tens digit of 2782?
8
What is the units digit of 32924?
4
What is the hundreds digit of 500?
5
What is the hundreds digit of 15001?
0
What is the hundreds digit of 3433?
4
What is the hundreds digit of 22440?
4
What is the thousands digit of 1816?
1
What is the units digit of 24952?
2
What is the hundreds digit of 2205?
2
What is the units digit of 17873?
3
What is the ten thousands digit of 14091?
1
What is the ten thousands digit of 100625?
0
What is the tens digit of 408?
0
What is the tens digit of 7701?
0
What is the hundreds digit of 1275?
2
What is the units digit of 1544?
4
What is the ten thousands digit of 19805?
1
What is the tens digit of 234?
3
What is the units digit of 29364?
4
What is the hundred thousands digit of 131675?
1
What is the hundreds digit of 370?
3
What is the hundreds digit of 124128?
1
What is the tens digit of 670?
7
What is the thousands digit of 4352?
4
What is the hundreds digit of 893?
8
What is the hundreds digit of 54597?
5
What is the thousands digit of 9085?
9
What is the ten thousands digit of 27754?
2
What is the units digit of 32470?
0
What is the hundreds digit of 4030?
0
What is the units digit of 50551?
1
What is the tens digit of 184?
8
What is the hundreds digit of 101042?
0
What is the units digit of 1695?
5
What is the units digit of 21595?
5
What is the thousands digit of 9337?
9
What is the units digit of 17765?
5
What is the units digit of 20989?
9
What is the tens digit of 539?
3
What is the units digit of 1670?
0
What is the units digit of 8891?
1
What is the units digit of 514?
4
What is the hundreds digit of 955?
9
What is the ten thousands digit of 13420?
1
What is the hundreds digit of 10000?
0
What is the tens digit of 10291?
9
What is the units digit of 81229?
9
What is the tens digit of 518?
1
What is the hundreds digit of 2374?
3
What is the units digit of 477?
7
What is the hundreds digit of 600?
6
What is the units digit of 28454?
4
What is the units digit of 845?
5
What is the hundred thousands digit of 113966?
1
What is the tens digit of 4580?
8
What is the thousands digit of 1379?
1
What is the units digit of 699?
9
What is the tens digit of 23069?
6
What is the units digit of 630?
0
What is the hundreds digit of 2242?
2
What is the hundred thousands digit of 168963?
1
What is the hundreds digit of 310?
3
What is the tens digit of 907?
0
What is the tens digit of 49745?
4
What is the tens digit of 524?
2
What is the hundreds digit of 6877?
8